he units digit of w?
6
Suppose 4*v = v - 15. Let p be v + 6 - (8 + 0). What is the units digit of p*(-4 - -2 - -1)?
7
Suppose 0 = w - q - q + 6, -w + 19 = 3*q. What is the units digit of w?
4
Let n be 78/4 - 3/12*-2. Suppose 4*j - 2*b = -6*b + 36, -2*j = -4*b + 12. Suppose -3*q + n = -j. What is the units digit of q?
8
Suppose 6 = -7*h + 8*h + 2*r, 3*h = -4*r + 12. Suppose h = -5*q + 11 + 9. Suppose -w + 70 = q*w. What is the units digit of w?
4
Let m(f) = f + 1. Let d(t) = 2. Let n(q) = -d(q) + m(q). Let v(c) = -c**2 + c + 2. Let w be v(0). What is the units digit of n(w)?
1
Suppose -1 = -n, 3*n = 6*g - 2*g - 33. What is the units digit of g?
9
Suppose -28 = 2*q + 5*v, 8 + 6 = -2*q + 2*v. Suppose 0*x - x = -2*t - 7, -2*t - 11 = -5*x. What is the units digit of (-2)/t*q/(-2)?
3
Let o(c) = 50*c**3 - c**2 + 3. Let t(n) = 25*n**3 - n**2 + 2. Let i(a) = -3*o(a) + 5*t(a). What is the tens digit of i(-1)?
2
Let k(d) be the third derivative of d**5/20 - d**4/24 + d**2. What is the tens digit of k(2)?
1
Let l(a) = -a**2 - 11*a + 23. What is the units digit of l(-9)?
1
Suppose -m + 0*m = 0. Suppose m = w + 3*w + 16. What is the units digit of -4 + 10 - w/(-2)?
4
Suppose 5*z = -z - 114. Let b = z - -32. What is the units digit of b?
3
Let m be 1*27 - 1/(-1). Suppose -2*c + 4*c = 26. Suppose 3*x = -4*b + m + c, 55 = 5*x + 4*b. What is the units digit of x?
7
Suppose -16 = -7*q + 3*q. Let r(y) = 19*y**2 - 2*y. Let h be r(-2). Suppose -d + h = q*d. What is the tens digit of d?
1
Let o = 12 - 2. Let x = -5 + o. Suppose 3*p = 4*p - x. What is the units digit of p?
5
Let l(y) = y**3 + 7*y**2 + 7*y + 2. Let x = -11 - -6. Let m be l(x). Suppose 4*a + 5 = 3*n - 18, 3*n + 4*a = -m. What is the units digit of n?
1
Suppose -9*n = n - 300. What is the tens digit of n?
3
Suppose -5*h = 5*x - 90, -h + 4*x = -3 - 0. What is the units digit of h?
5
Let p(k) = -4*k**3 - 19*k**2 - 6*k - 40. Let t(x) = x**3 + 6*x**2 + 2*x + 13. Let l(y) = -2*p(y) - 7*t(y). What is the units digit of l(5)?
4
Suppose 5 + 5 = -5*q, 0 = 2*i + 2*q - 150. Suppose -l - 2*a - 13 = -2*l, 2*a = -5*l + i. What is the tens digit of l?
1
Let n = 10 + -10. Suppose n = v + 3, -3*u + 4*u - 2*v - 46 = 0. What is the tens digit of u?
4
Let n(i) = 2*i - 5. Let r be n(6). Let h = 22 - r. What is the tens digit of 30*(51/h - 3)?
1
Suppose 0 = -3*h + 4 - 40. Suppose -89 - 121 = -3*p. What is the units digit of 5*(-7)/(p/h)?
6
Suppose 3*y + 3 = 12. What is the units digit of -1*y/6*-26?
3
Suppose -5*n - 3*h + 84 = -3*n, -5*h = -5*n + 235. What is the units digit of n?
5
Suppose g + 38 - 128 = -4*o, o = -3*g + 28. What is the units digit of o?
2
Let l(h) = 2*h**2 + 11*h + 8. What is the tens digit of l(-9)?
7
Suppose 0 = -3*j + h - 1 + 78, 0 = -4*j + 3*h + 111. Suppose j = 2*w - 28. What is the units digit of w?
6
Let u(v) = v**2 - v + 2. What is the tens digit of u(-4)?
2
Let l(h) = -h**3 + 6*h**2 + 2*h + 1. What is the tens digit of l(6)?
1
Let t(m) = 390*m**2 + 4*m - 3. What is the units digit of t(1)?
1
Let c = 7 - 25. What is the units digit of (c/21)/(1/(-7))?
6
Let j = 7 + -5. Suppose 3*g - i = 58, -8 = -g - j*i + 2. Suppose -6 = 2*a - g. What is the units digit of a?
6
Suppose k - 1 = -0. What is the tens digit of k - (0 - 38) - 3?
3
Suppose 0 = 5*c - 737 - 413. What is the units digit of c/25 + 1/(-5)?
9
Suppose u - 54 = -u. What is the tens digit of u?
2
Let r = -3 - 3. Let x = r + 12. What is the units digit of x?
6
Let c(d) = 8*d + 11. Let w(p) = p + 1. Let v(q) = -c(q) + 4*w(q). What is the units digit of v(-5)?
3
Let q(a) = 16*a + 36. What is the units digit of q(14)?
0
Let l be (9/(-1))/(-3) - -12. Suppose l + 18 = 3*s. What is the units digit of s?
1
Suppose -t - 3*t = -224. What is the tens digit of t?
5
Let b = 585 - 346. What is the hundreds digit of b?
2
Let i(b) = -b**2 + 7*b + 7. Let c be i(6). Suppose -p + 69 = c. Suppose 5*d + 2*a = 3*a + p, -5*d + 40 = -5*a. What is the units digit of d?
2
Let b be 8/(-6)*(-15)/(-10). What is the units digit of (-5)/((-5)/(-4))*b?
8
Suppose -q + z - 2*z = -54, 0 = q - 5*z - 60. What is the tens digit of q?
5
Suppose 31 = -q - 8. Let g = -18 - q. What is the tens digit of g?
2
Let y be (-158)/(-10) - (-5)/25. Suppose -y*m + 15*m = -18. What is the tens digit of m?
1
Let x(k) = 5*k**2 + 2*k + 2. What is the units digit of x(3)?
3
Let y(t) = -t + 6. What is the tens digit of y(-18)?
2
Let g(p) = 14*p**3 + 2*p - 1. Let y be g(1). Suppose -c + 6*c = y. Suppose 2*j + c = 17. What is the units digit of j?
7
Let b = -67 - -135. What is the tens digit of b?
6
Let o = 6 + -7. Let h(i) = 7*i**2 + i. What is the units digit of h(o)?
6
Suppose -3*z + 20 = 4*l + z, 5*z = -2*l + 16. What is the units digit of ((-12)/(-10))/(l/20)?
8
Let g(f) = -f**3 - f + 5. Let w be g(0). Suppose -w*m + 6 = -19. What is the units digit of m?
5
Suppose 4*l - 6 = 10. Let k = l + 10. What is the units digit of k?
4
Suppose -3*b + 4*b = 85. Suppose 0*k + 2*u = -k + 13, 0 = 4*k - 3*u - b. What is the tens digit of k?
1
Let i = 3 - 3. Let h(k) = 3*k - k**2 + i + 2 + 2*k. What is the units digit of h(4)?
6
Let o be -2 + (0 - (2 + -3)). Let h(n) = 10*n**2 - n. What is the units digit of h(o)?
1
Suppose -5*y + 389 - 114 = 0. What is the units digit of y?
5
Suppose -2*j - 4 - 20 = -s, -s + 3*j = -27. Let i = s + -7. What is the units digit of i?
1
Let o = 15 + 0. Suppose -2*q - 6 = 5*y, -2*q - o = 3*y + 3*q. Let x(v) = -v + 8. What is the units digit of x(y)?
8
Let o = 61 + -40. Suppose o = q + 5. What is the tens digit of q?
1
Let c = -12 + 32. Let b = c + -1. What is the units digit of b?
9
Let h(j) = -6*j + 23. What is the units digit of h(-9)?
7
Suppose 3*m + 4 = 5*m. Suppose l - 5 + m = 0, 4*z - 143 = -5*l. What is the tens digit of z?
3
Let l = 10 + 24. What is the tens digit of l?
3
Suppose -5*i + 2*l + l + 27 = 0, 0 = -4*i + l + 16. Suppose -3*m + m - i*u = -7, 3*u - 12 = -3*m. Let w(y) = y**2 - 5*y + 5. What is the units digit of w(m)?
5
Suppose 2*s - 4*c - 90 = 0, -5*c - 240 = -5*s - 10*c. What is the tens digit of s?
4
Let i(c) be the second derivative of -1/12*c**4 + 0 - 3*c**2 - 7/6*c**3 + c. What is the units digit of i(-4)?
6
Let v be (-28)/(-7)*34/(-4). Let x = v + 60. What is the units digit of x?
6
Suppose z - 18 = -3*l + l, -24 = -2*z - l. Suppose 2*k + 0 = z. What is the units digit of k?
5
Let q(t) = -4*t - 6. Suppose 3*v - 2*r + 19 = -3, 4*r = 8. What is the tens digit of q(v)?
1
Suppose -14*j + 135 = -9*j. Suppose j = -8*b + 9*b. What is the tens digit of b?
2
Let t(g) = 41*g + 22. What is the units digit of t(8)?
0
Suppose 5*q - 4*q = -5. Let s(h) = -3*h + 9. What is the units digit of s(q)?
4
Let z(j) = 6*j - 4 + j - j**2 - 2*j. Let v be z(6). What is the units digit of (-26)/v - (-8)/20?
3
Let a(g) = -g**3 + 5*g**2 + 6*g + 2. Let u be a(6). Suppose -15 = -3*d, -4 = 3*n + u*d - 38. What is the units digit of n?
8
Let c = 0 - 1. Let p(z) = 2*z - 3 - 7 + 9*z**2 + 10 + 1. What is the units digit of p(c)?
8
Let g be 0 + (2 - 2) + -4. What is the tens digit of g/8 + 62/4?
1
Let q = -43 + 118. Suppose q = 2*n + 3*n. What is the tens digit of n?
1
What is the hundreds digit of (-16)/(-3)*-50*6/(-8)?
2
Let u(j) = j**3 + 6*j**2 - 9*j - 1. Let y be u(-7). Let g = y + -8. Suppose 0 = g*w - 23 - 7. What is the units digit of w?
6
Let p(r) = -r - 3*r - r. Let i be p(3). What is the units digit of 22/10 + 3/i?
2
Suppose -19 - 2 = -3*t. Let m(b) = -b**3 + 8*b**2 - 6*b + 5. What is the units digit of m(t)?
2
Let h(x) = -10*x + 1. Let y be h(-1). Let w = y - 6. What is the units digit of w?
5
Let x(a) = -a**3 + 7*a**2 - 4*a + 2. Let l be x(3). Suppose b - 2 + l = 0. What is the units digit of (b/15)/(3/(-15))?
8
Let u(t) = -2*t - 18. What is the units digit of u(-13)?
8
Let n(x) = -5*x**3 + 7*x**2 + 7*x + 3. Let y(m) = 9*m**3 - 14*m**2 - 14*m - 6. Let a(d) = 11*n(d) + 6*y(d). What is the units digit of a(-6)?
3
Let o be (5/(-10))/(2/(-8)). Suppose 3*d - 5*q - 10 = -o*d, -4*d - 2*q = -14. Suppose -38 = -d*z + 1. What is the tens digit of z?
1
Suppose 5*x - 114 = -h, -4*x = -2*h - 89 + 9. Suppose -n + 2*o = o - 17, 0 = -2*n + 5*o + x. What is the tens digit of n?
2
Let u(b) = -b**3 - b**2 + 3*b - 3. Let k be u(-3). Let h be (k + -2 + 2)*3. Let z = -10 + h. What is the units digit of z